{"id":8,"date":"2022-01-16T18:36:00","date_gmt":"2022-01-16T17:36:00","guid":{"rendered":"http:\/\/domainemontrame.com\/?page_id=8"},"modified":"2023-04-27T22:33:05","modified_gmt":"2023-04-27T20:33:05","slug":"beaux-portfolios-pour-des-creatifs-exceptionnels","status":"publish","type":"page","link":"https:\/\/domainemontrame.com\/index.php\/beaux-portfolios-pour-des-creatifs-exceptionnels\/","title":{"rendered":"Bienvenue \u00e0 Mont Ram\u00e9"},"content":{"rendered":"\n<div class=\"wp-block-group alignfull has-background\" style=\"background-color:#e5e9ec\"><div class=\"wp-block-group__inner-container\">\n<div class=\"wp-block-columns\">\n<div class=\"wp-block-column is-vertically-aligned-center\">\n<h2 class=\"has-black-color has-text-color\">Mont Ram\u00e9<\/h2>\n\n\n\n<p class=\"has-black-color has-text-color\"><strong>Magnifique\u00a0terroir\u00a0argilo-calcaire<\/strong><br><strong>dominant la\u00a0vall\u00e9e du\u00a0Dropt<\/strong><\/p>\n\n\n\n<p class=\"has-black-color has-text-color\"><strong>Une parcelle unique \u00e0 c\u00f4t\u00e9 des chais<\/strong><br><strong>install\u00e9s dans l&#8217;ancienne ferme<\/strong><\/p>\n\n\n\n<p class=\"has-black-color has-text-color\"><strong><strong>En 2009, le domaine s\u2019engage<\/strong><\/strong><br><strong><strong>en culture biologique<\/strong><\/strong><\/p>\n\n\n\n<p class=\"has-black-color has-text-color\"><strong>Production artisanale<\/strong><\/p>\n<\/div>\n\n\n\n<div class=\"wp-block-column\">\n<figure class=\"wp-block-image size-full\"><img loading=\"lazy\" width=\"540\" height=\"360\" src=\"http:\/\/domainemontrame.com\/wp-content\/uploads\/2023\/01\/image.png\" alt=\"\" class=\"wp-image-88\" srcset=\"https:\/\/domainemontrame.com\/wp-content\/uploads\/2023\/01\/image.png 540w, https:\/\/domainemontrame.com\/wp-content\/uploads\/2023\/01\/image-300x200.png 300w\" sizes=\"(max-width: 540px) 100vw, 540px\" \/><\/figure>\n<\/div>\n<\/div>\n<\/div><\/div>\n\n\n\n<div class=\"wp-block-group alignfull has-white-background-color has-background\"><div class=\"wp-block-group__inner-container\">\n<div class=\"wp-block-columns are-vertically-aligned-center\">\n<div class=\"wp-block-column\">\n<div style=\"height:48px\" aria-hidden=\"true\" class=\"wp-block-spacer\"><\/div>\n\n\n\n<figure class=\"wp-block-image size-large\"><img loading=\"lazy\" width=\"314\" height=\"1024\" src=\"http:\/\/domainemontrame.com\/wp-content\/uploads\/2022\/01\/Mont-Rame-RGE-BLLE-2-314x1024.jpg\" alt=\"\" class=\"wp-image-40\" srcset=\"https:\/\/domainemontrame.com\/wp-content\/uploads\/2022\/01\/Mont-Rame-RGE-BLLE-2-314x1024.jpg 314w, https:\/\/domainemontrame.com\/wp-content\/uploads\/2022\/01\/Mont-Rame-RGE-BLLE-2-92x300.jpg 92w\" sizes=\"(max-width: 314px) 100vw, 314px\" \/><\/figure>\n<\/div>\n\n\n\n<div class=\"wp-block-column is-vertically-aligned-center\">\n<h2 class=\"has-black-color has-text-color\">Nos vins<\/h2>\n\n\n\n<p class=\"has-black-color has-text-color\">Merlot-cabernet franc fraicheur et notes d\u2019\u00e9pices douces, finesse de la trame tanique<\/p>\n\n\n\n<p class=\"has-black-color has-text-color\">Sauvignon blanc, \u00e9lev\u00e9 sur lies fines<\/p>\n\n\n\n<figure class=\"wp-block-image size-large\"><img loading=\"lazy\" width=\"400\" height=\"178\" src=\"http:\/\/domainemontrame.com\/wp-content\/uploads\/2022\/01\/logos_AB.jpg\" alt=\"\" class=\"wp-image-58\" srcset=\"https:\/\/domainemontrame.com\/wp-content\/uploads\/2022\/01\/logos_AB.jpg 400w, https:\/\/domainemontrame.com\/wp-content\/uploads\/2022\/01\/logos_AB-300x134.jpg 300w\" sizes=\"(max-width: 400px) 100vw, 400px\" \/><\/figure>\n<\/div>\n\n\n\n<div class=\"wp-block-column\">\n<figure class=\"wp-block-image size-large\"><img loading=\"lazy\" width=\"314\" height=\"1024\" src=\"http:\/\/domainemontrame.com\/wp-content\/uploads\/2022\/01\/Mont-Rame-BLC-BLLE-1-314x1024.jpg\" alt=\"\" class=\"wp-image-82\" srcset=\"https:\/\/domainemontrame.com\/wp-content\/uploads\/2022\/01\/Mont-Rame-BLC-BLLE-1-314x1024.jpg 314w, https:\/\/domainemontrame.com\/wp-content\/uploads\/2022\/01\/Mont-Rame-BLC-BLLE-1-92x300.jpg 92w\" sizes=\"(max-width: 314px) 100vw, 314px\" \/><\/figure>\n<\/div>\n<\/div>\n<\/div><\/div>\n\n\n\n<p><\/p>\n\n\n\n<div class=\"wp-block-group alignfull has-black-background-color has-background\"><div class=\"wp-block-group__inner-container\">\n<figure class=\"wp-block-gallery aligncenter columns-3 is-cropped\"><ul class=\"blocks-gallery-grid\"><li class=\"blocks-gallery-item\"><figure><img loading=\"lazy\" width=\"1024\" height=\"768\" src=\"http:\/\/domainemontrame.com\/wp-content\/uploads\/2022\/01\/IMG_1692-1024x768.jpg\" alt=\"\" data-id=\"77\" data-full-url=\"http:\/\/domainemontrame.com\/wp-content\/uploads\/2022\/01\/IMG_1692-scaled.jpg\" data-link=\"http:\/\/domainemontrame.com\/index.php\/beaux-portfolios-pour-des-creatifs-exceptionnels\/img_1692\/\" class=\"wp-image-77\" srcset=\"https:\/\/domainemontrame.com\/wp-content\/uploads\/2022\/01\/IMG_1692-1024x768.jpg 1024w, https:\/\/domainemontrame.com\/wp-content\/uploads\/2022\/01\/IMG_1692-300x225.jpg 300w, https:\/\/domainemontrame.com\/wp-content\/uploads\/2022\/01\/IMG_1692-768x576.jpg 768w, https:\/\/domainemontrame.com\/wp-content\/uploads\/2022\/01\/IMG_1692-1536x1152.jpg 1536w, https:\/\/domainemontrame.com\/wp-content\/uploads\/2022\/01\/IMG_1692-2048x1536.jpg 2048w, https:\/\/domainemontrame.com\/wp-content\/uploads\/2022\/01\/IMG_1692-2000x1500.jpg 2000w\" sizes=\"(max-width: 1024px) 100vw, 1024px\" \/><\/figure><\/li><li class=\"blocks-gallery-item\"><figure><img loading=\"lazy\" width=\"1024\" height=\"768\" src=\"http:\/\/domainemontrame.com\/wp-content\/uploads\/2022\/01\/IMG_1059-1024x768.jpg\" alt=\"\" data-id=\"50\" data-link=\"http:\/\/domainemontrame.com\/index.php\/beaux-portfolios-pour-des-creatifs-exceptionnels\/img_1059\/\" class=\"wp-image-50\" srcset=\"https:\/\/domainemontrame.com\/wp-content\/uploads\/2022\/01\/IMG_1059-1024x768.jpg 1024w, https:\/\/domainemontrame.com\/wp-content\/uploads\/2022\/01\/IMG_1059-300x225.jpg 300w, https:\/\/domainemontrame.com\/wp-content\/uploads\/2022\/01\/IMG_1059-768x576.jpg 768w, https:\/\/domainemontrame.com\/wp-content\/uploads\/2022\/01\/IMG_1059-1536x1152.jpg 1536w, https:\/\/domainemontrame.com\/wp-content\/uploads\/2022\/01\/IMG_1059-2048x1536.jpg 2048w, https:\/\/domainemontrame.com\/wp-content\/uploads\/2022\/01\/IMG_1059-2000x1500.jpg 2000w\" sizes=\"(max-width: 1024px) 100vw, 1024px\" \/><\/figure><\/li><li class=\"blocks-gallery-item\"><figure><img loading=\"lazy\" width=\"1024\" height=\"683\" src=\"http:\/\/domainemontrame.com\/wp-content\/uploads\/2022\/01\/IMG_4651-3-1024x683.jpg\" alt=\"\" data-id=\"52\" data-link=\"http:\/\/domainemontrame.com\/index.php\/beaux-portfolios-pour-des-creatifs-exceptionnels\/img_4651-3\/\" class=\"wp-image-52\" srcset=\"https:\/\/domainemontrame.com\/wp-content\/uploads\/2022\/01\/IMG_4651-3-1024x683.jpg 1024w, https:\/\/domainemontrame.com\/wp-content\/uploads\/2022\/01\/IMG_4651-3-300x200.jpg 300w, https:\/\/domainemontrame.com\/wp-content\/uploads\/2022\/01\/IMG_4651-3-768x512.jpg 768w, https:\/\/domainemontrame.com\/wp-content\/uploads\/2022\/01\/IMG_4651-3-1536x1024.jpg 1536w, https:\/\/domainemontrame.com\/wp-content\/uploads\/2022\/01\/IMG_4651-3-2048x1365.jpg 2048w, https:\/\/domainemontrame.com\/wp-content\/uploads\/2022\/01\/IMG_4651-3-2000x1333.jpg 2000w\" sizes=\"(max-width: 1024px) 100vw, 1024px\" \/><\/figure><\/li><li class=\"blocks-gallery-item\"><figure><img loading=\"lazy\" width=\"1024\" height=\"768\" src=\"http:\/\/domainemontrame.com\/wp-content\/uploads\/2022\/01\/IMG_1098-1024x768.jpg\" alt=\"\" data-id=\"53\" data-link=\"http:\/\/domainemontrame.com\/index.php\/beaux-portfolios-pour-des-creatifs-exceptionnels\/img_1098\/\" class=\"wp-image-53\" srcset=\"https:\/\/domainemontrame.com\/wp-content\/uploads\/2022\/01\/IMG_1098-1024x768.jpg 1024w, https:\/\/domainemontrame.com\/wp-content\/uploads\/2022\/01\/IMG_1098-300x225.jpg 300w, https:\/\/domainemontrame.com\/wp-content\/uploads\/2022\/01\/IMG_1098-768x576.jpg 768w, https:\/\/domainemontrame.com\/wp-content\/uploads\/2022\/01\/IMG_1098-1536x1152.jpg 1536w, https:\/\/domainemontrame.com\/wp-content\/uploads\/2022\/01\/IMG_1098-2048x1536.jpg 2048w, https:\/\/domainemontrame.com\/wp-content\/uploads\/2022\/01\/IMG_1098-2000x1500.jpg 2000w\" sizes=\"(max-width: 1024px) 100vw, 1024px\" \/><\/figure><\/li><li class=\"blocks-gallery-item\"><figure><img loading=\"lazy\" width=\"1024\" height=\"514\" src=\"http:\/\/domainemontrame.com\/wp-content\/uploads\/2022\/01\/ZEcEz97QAaUYn76dyBWbw_thumb_59ab-1024x514.jpg\" alt=\"\" data-id=\"54\" data-link=\"http:\/\/domainemontrame.com\/index.php\/beaux-portfolios-pour-des-creatifs-exceptionnels\/zecez97qaauyn76dybwbw_thumb_59ab\/\" class=\"wp-image-54\" srcset=\"https:\/\/domainemontrame.com\/wp-content\/uploads\/2022\/01\/ZEcEz97QAaUYn76dyBWbw_thumb_59ab-1024x514.jpg 1024w, https:\/\/domainemontrame.com\/wp-content\/uploads\/2022\/01\/ZEcEz97QAaUYn76dyBWbw_thumb_59ab-300x150.jpg 300w, https:\/\/domainemontrame.com\/wp-content\/uploads\/2022\/01\/ZEcEz97QAaUYn76dyBWbw_thumb_59ab-768x385.jpg 768w, https:\/\/domainemontrame.com\/wp-content\/uploads\/2022\/01\/ZEcEz97QAaUYn76dyBWbw_thumb_59ab.jpg 1252w\" sizes=\"(max-width: 1024px) 100vw, 1024px\" \/><\/figure><\/li><li class=\"blocks-gallery-item\"><figure><img loading=\"lazy\" width=\"1024\" height=\"768\" src=\"http:\/\/domainemontrame.com\/wp-content\/uploads\/2022\/01\/IMG_0760-1024x768.jpg\" alt=\"\" data-id=\"56\" data-link=\"http:\/\/domainemontrame.com\/index.php\/beaux-portfolios-pour-des-creatifs-exceptionnels\/img_0760\/\" class=\"wp-image-56\" srcset=\"https:\/\/domainemontrame.com\/wp-content\/uploads\/2022\/01\/IMG_0760-1024x768.jpg 1024w, https:\/\/domainemontrame.com\/wp-content\/uploads\/2022\/01\/IMG_0760-300x225.jpg 300w, https:\/\/domainemontrame.com\/wp-content\/uploads\/2022\/01\/IMG_0760-768x576.jpg 768w, https:\/\/domainemontrame.com\/wp-content\/uploads\/2022\/01\/IMG_0760-1536x1152.jpg 1536w, https:\/\/domainemontrame.com\/wp-content\/uploads\/2022\/01\/IMG_0760-2048x1536.jpg 2048w, https:\/\/domainemontrame.com\/wp-content\/uploads\/2022\/01\/IMG_0760-2000x1500.jpg 2000w\" sizes=\"(max-width: 1024px) 100vw, 1024px\" \/><\/figure><\/li><\/ul><\/figure>\n\n\n\n<p><\/p>\n<\/div><\/div>\n\n\n\n<div class=\"wp-block-cover alignfull has-background-dim-40 has-black-background-color has-background-dim has-parallax is-position-center-center\" style=\"background-image:url(http:\/\/domainemontrame.com\/wp-content\/uploads\/2022\/01\/IMG_4651-2-1-scaled.jpg);min-height:375px\"><div class=\"wp-block-cover__inner-container\">\n<div style=\"height:39px\" aria-hidden=\"true\" class=\"wp-block-spacer\"><\/div>\n<\/div><\/div>\n","protected":false},"excerpt":{"rendered":"<p>Mont Ram\u00e9 Magnifique\u00a0terroir\u00a0argilo-calcairedominant la\u00a0vall\u00e9e du\u00a0Dropt Une parcelle unique \u00e0 c\u00f4t\u00e9 des chaisinstall\u00e9s dans l&#8217;ancienne ferme En 2009, le domaine s\u2019engageen culture biologique Production artisanale Nos vins Merlot-cabernet franc fraicheur et notes d\u2019\u00e9pices douces, finesse de la trame tanique Sauvignon blanc, \u00e9lev\u00e9 sur lies fines<\/p>\n","protected":false},"author":1,"featured_media":0,"parent":0,"menu_order":0,"comment_status":"closed","ping_status":"closed","template":"page-templates\/homepage-builder-bb.php","meta":[],"_links":{"self":[{"href":"https:\/\/domainemontrame.com\/index.php\/wp-json\/wp\/v2\/pages\/8"}],"collection":[{"href":"https:\/\/domainemontrame.com\/index.php\/wp-json\/wp\/v2\/pages"}],"about":[{"href":"https:\/\/domainemontrame.com\/index.php\/wp-json\/wp\/v2\/types\/page"}],"author":[{"embeddable":true,"href":"https:\/\/domainemontrame.com\/index.php\/wp-json\/wp\/v2\/users\/1"}],"replies":[{"embeddable":true,"href":"https:\/\/domainemontrame.com\/index.php\/wp-json\/wp\/v2\/comments?post=8"}],"version-history":[{"count":29,"href":"https:\/\/domainemontrame.com\/index.php\/wp-json\/wp\/v2\/pages\/8\/revisions"}],"predecessor-version":[{"id":128,"href":"https:\/\/domainemontrame.com\/index.php\/wp-json\/wp\/v2\/pages\/8\/revisions\/128"}],"wp:attachment":[{"href":"https:\/\/domainemontrame.com\/index.php\/wp-json\/wp\/v2\/media?parent=8"}],"curies":[{"name":"wp","href":"https:\/\/api.w.org\/{rel}","templated":true}]}}